
List the prime factors of 6283980.
2, 3, 5, 431
What are the prime factors of 654773684?
2, 1487, 110083
What are the prime factors of 458829029?
127, 137, 26371
List the prime factors of 11851446.
2, 3, 61, 32381
List the prime factors of 2340133.
2340133
What are the prime factors of 64947819?
3, 21649273
List the prime factors of 53777745.
3, 5, 7, 29
What are the prime factors of 1124627510?
2, 5, 2969, 37879
List the prime factors of 101953409.
101953409
List the prime factors of 587252065.
5, 31, 97, 139, 281
What are the prime factors of 76184366?
2, 38092183
What are the prime factors of 2452486094?
2, 29, 41, 1031323
What are the prime factors of 1700801153?
223, 2063, 3697
List the prime factors of 60203808.
2, 3, 7, 29863
List the prime factors of 504473243.
193, 1153, 2267
List the prime factors of 385805582.
2, 17, 1889, 6007
What are the prime factors of 1192714297?
109, 10942333
List the prime factors of 1344715342.
2, 109, 56591
What are the prime factors of 98770954?
2, 89, 554893
What are the prime factors of 24678397?
19, 1298863
List the prime factors of 349893062.
2, 29, 6032639
What are the prime factors of 334221228?
2, 3, 11, 31259
List the prime factors of 3824263524.
2, 3, 29, 1693, 6491
What are the prime factors of 89699884?
2, 941, 23831
List the prime factors of 1935895261.
29, 1223, 54583
What are the prime factors of 1584825403?
7, 37, 89, 197, 349
What are the prime factors of 161579670?
2, 3, 5, 7, 71, 10837
What are the prime factors of 1313795190?
2, 3, 5, 17, 23, 31, 3613
What are the prime factors of 51868865?
5, 10373773
List the prime factors of 82456801.
7, 191, 61673
What are the prime factors of 5206272093?
3, 11, 103, 510569
What are the prime factors of 362354581?
23, 15754547
List the prime factors of 923240564.
2, 727, 317483
List the prime factors of 45631607.
7, 6518801
What are the prime factors of 3885970646?
2, 673, 2887051
List the prime factors of 2760272693.
29, 167, 367, 1553
List the prime factors of 1257960597.
3, 23, 18231313
List the prime factors of 175643905.
5, 35128781
What are the prime factors of 23379644?
2, 211, 27701
What are the prime factors of 72583710?
2, 3, 5, 17, 31, 4591
List the prime factors of 149234722.
2, 7, 13, 223, 3677
List the prime factors of 240050248.
2, 907, 33083
List the prime factors of 119516974.
2, 109, 548243
List the prime factors of 1728827186.
2, 1723, 501691
List the prime factors of 99522666.
2, 3, 5529037
List the prime factors of 338473878.
2, 3, 887, 63599
What are the prime factors of 1100592351?
3, 9007, 13577
What are the prime factors of 5593756969?
5593756969
What are the prime factors of 267862233?
3, 89287411
What are the prime factors of 1287011368?
2, 23, 59, 103, 1151
List the prime factors of 52071960.
2, 3, 5, 293, 1481
What are the prime factors of 1046472834?
2, 3, 11, 71, 223319
List the prime factors of 19470233.
19470233
List the prime factors of 384935146.
2, 89, 2162557
List the prime factors of 4680287195.
5, 19, 659, 74759
List the prime factors of 868593748.
2, 11, 163, 743
List the prime factors of 78812818.
2, 7, 1531, 3677
List the prime factors of 440914.
2, 19, 41, 283
List the prime factors of 19336815.
3, 5, 431, 997
List the prime factors of 56910265.
5, 31, 367163
List the prime factors of 542648573.
542648573
What are the prime factors of 2563533?
3, 7, 5813
What are the prime factors of 4042269942?
2, 3, 97, 6945481
What are the prime factors of 375617540?
2, 5, 277, 67801
What are the prime factors of 65633016?
2, 3, 59, 46351
What are the prime factors of 228364493?
7, 23, 47, 103, 293
List the prime factors of 244841162.
2, 31, 3949051
List the prime factors of 43561144.
2, 11, 73, 6781
What are the prime factors of 1999096472?
2, 249887059
List the prime factors of 48799307.
23, 41, 51749
List the prime factors of 1280900010.
2, 3, 5, 13, 19, 13297
What are the prime factors of 1078707550?
2, 5, 313, 68927
What are the prime factors of 1643847132?
2, 3, 167, 683, 1201
List the prime factors of 39320334.
2, 3, 919, 2377
List the prime factors of 459147276.
2, 3, 7, 1822013
List the prime factors of 478790496.
2, 3, 1662467
List the prime factors of 2167370711.
11, 53, 277, 13421
List the prime factors of 1305130064.
2, 7, 19, 431, 1423
What are the prime factors of 227914108?
2, 31, 383, 4799
What are the prime factors of 122103138?
2, 3, 1993, 10211
What are the prime factors of 10902965?
5, 197, 11069
List the prime factors of 37007905.
5, 11, 672871
What are the prime factors of 880293631?
7, 125756233
List the prime factors of 276779550.
2, 3, 5, 17, 108541
What are the prime factors of 45711521?
17, 2688913
What are the prime factors of 299895198?
2, 3, 17, 1381, 2129
What are the prime factors of 4997939105?
5, 8387, 119183
List the prime factors of 2216236685.
5, 13, 4597, 7417
List the prime factors of 74816712.
2, 3, 181, 5741
What are the prime factors of 253773185?
5, 73, 695269
List the prime factors of 494079981.
3, 37, 101, 44071
List the prime factors of 1328272074.
2, 3, 59, 83, 5023
List the prime factors of 3297877203.
3, 251, 1093, 4007
What are the prime factors of 21923445?
3, 5, 1461563
What are the prime factors of 37880222?
2, 131, 163, 887
List the prime factors of 8811938.
2, 61, 72229
List the prime factors of 395895000.
2, 3, 5, 26393
List the prime factors of 26776290.
2, 3, 5, 191, 4673
What are the prime factors of 178424302?
2, 7, 1823, 6991
List the prime factors of 100780217.
100780217
What are the prime factors of 62338764?
2, 3, 659, 7883
What are the prime factors of 5286640?
2, 5, 66083
What are the prime factors of 2484226753?
131, 18963563
List the prime factors of 951520894.
2, 89, 227, 23549
List the prime factors of 606823796.
2, 173, 876913
What are the prime factors of 308058772?
2, 7, 2593, 4243
List the prime factors of 2298860188.
2, 59, 9740933
List the prime factors of 363261353.
7, 13, 41, 1987
What are the prime factors of 4253360240?
2, 5, 53, 827, 1213
What are the prime factors of 10323915?
3, 5, 7, 98323
What are the prime factors of 69726544?
2, 71, 61379
List the prime factors of 51957010.
2, 5, 7, 742243
List the prime factors of 855748506.
2, 3, 37, 3854723
List the prime factors of 207152576.
2, 3236759
List the prime factors of 390642863.
13, 30049451
List the prime factors of 677023784.
2, 84627973
What are the prime factors of 308766385?
5, 61753277
What are the prime factors of 724901953?
283, 2561491
What are the prime factors of 192286916?
2, 19, 2530091
List the prime factors of 300849573.
3, 3527, 28433
List the prime factors of 38806106.
2, 23, 251, 3361
What are the prime factors of 134304863?
7, 11, 19, 91801
What are the prime factors of 3750780946?
2, 11, 29, 37, 5479
What are the prime factors of 37346472?
2, 3, 197, 2633
List the prime factors of 821719612.
2, 7, 47, 12743
List the prime factors of 289652182.
2, 293, 494287
What are the prime factors of 2269426321?
71, 2179, 14669
What are the prime factors of 328594526?
2, 13, 12638251
List the prime factors of 747679886.
2, 31, 12059353
What are the prime factors of 5006745517?
5006745517
What are the prime factors of 101573508?
2, 3, 313, 27043
List the prime factors of 526615857.
3, 37, 527143
List the prime factors of 97181724.
2, 3, 17, 476381
List the prime factors of 1792015178.
2, 61, 89, 165041
What are the prime factors of 337749916?
2, 7, 12062497
What are the prime factors of 538503909?
3, 19, 887, 10651
List the prime factors of 543712337.
7, 61, 1273331
What are the prime factors of 140186530?
2, 5, 11, 1274423
List the prime factors of 130032346.
2, 29, 883, 2539
What are the prime factors of 306713420?
2, 5, 13, 829, 1423
What are the prime factors of 1080495463?
701, 1541363
What are the prime factors of 3228551812?
2, 807137953
What are the prime factors of 1002797365?
5, 53, 3784141
What are the prime factors of 316648324?
2, 17, 271, 17183
List the prime factors of 1934404270.
2, 5, 79, 2448613
What are the prime factors of 625805051?
199, 3144749
List the prime factors of 1045326025.
5, 29, 79, 18251
What are the prime factors of 1386547844?
2, 11, 31512451
What are the prime factors of 1756426073?
23, 76366351
What are the prime factors of 2403099726?
2,